?
181
Suppose 3*z + 15 = 4*p, 5*z - 3 = -3*p + 1. Let h(y) = -120*y + 2. List the prime factors of h(z).
2, 61
Let a be 4*4/((-32)/(-6)). Let m(b) = 4*b - 3*b + a*b - 11. What are the prime factors of m(10)?
29
Let l = 16 + -13. Suppose -2*v - 5 = 2*k - l*v, -4*v - 4 = -2*k. Let a = 14 + k. What are the prime factors of a?
2, 5
What are the prime factors of -1 - 324/(-12) - (0 - -2)?
2, 3
Let g(n) = -n**2 - 18*n - 6. Let a be g(-10). Let u = a + -48. List the prime factors of u.
2, 13
Let o be ((-44)/(-11))/(4/(-102)). Let n = -24 - o. List the prime factors of n.
2, 3, 13
Let k(q) = -9*q - 4*q + 27 - q - q**2. What are the prime factors of k(-15)?
2, 3
Let f = -1845 + 3065. List the prime factors of f.
2, 5, 61
Let j(y) = -y**2 + 3*y - 1. Let h be j(2). Let s(n) = h + 2 + 8*n - 3. What are the prime factors of s(2)?
2
Suppose k - 3*w + 13 = 0, 3*k + 16 = 2*k + 4*w. List the prime factors of k/6 + (-1220)/(-30).
2, 5
Suppose 13*k - 19*k - 1266 = 0. List the prime factors of (k/2)/((-26)/52).
211
Let z(j) = 55*j**2 + 11*j + 12. What are the prime factors of z(-2)?
2, 3, 5, 7
Suppose 0 = -3*t + 1342 + 1085. What are the prime factors of t?
809
Suppose 3*w - 9 = 7*d - 4*d, 6 = -3*d. Let z be (-8)/(w + (-12)/4). Suppose -13 = -p + 2*y, -z*p = 3*y + 2*y - 52. What are the prime factors of p?
13
Let v(g) = 2*g + 25. Let j be v(-5). Let o = j - -62. What are the prime factors of o?
7, 11
Let c(w) = w + 10. Let u be c(0). Let k be 56/u + 18/(-30). Suppose 4*z - k = 171. List the prime factors of z.
2, 11
Let x(p) = 239*p**3 + 4*p**2 - 5*p. List the prime factors of x(1).
2, 7, 17
Let z(p) = -27*p + 3. Let k(o) = -o - 1. Let m(t) = -3*k(t) + z(t). List the prime factors of m(-2).
2, 3
Let p = 2292 + -3770. What are the prime factors of p/(-6) + (-4)/3?
5, 7
Suppose 53 = -4*y - u + 490, 0 = 3*y + 5*u - 332. Let z(b) = -11*b + 5. Let d be z(6). Let k = d + y. What are the prime factors of k?
2, 3
Suppose -2*g - 3*c - 2453 = -6*g, -2*c = g - 605. What are the prime factors of g?
13, 47
Suppose -57*p + 71*p = 14994. List the prime factors of p.
3, 7, 17
Suppose -194 = -16*h + 846. What are the prime factors of h?
5, 13
List the prime factors of ((-11)/3)/((-622)/(-156) + -4).
2, 11, 13
Let r(v) = v**2 + 6*v. Let d be r(-5). Let n = 36 + d. List the prime factors of n.
31
Let f(o) = -o**2 - 15*o - 22. Let u = 3 - -2. Suppose 5 = -m - u. List the prime factors of f(m).
2, 7
Let n(t) = -99*t. Let d = 20 + -16. Let m be n(d). List the prime factors of (-4)/14 - m/14.
2, 7
Let c(k) = 178*k - 49. What are the prime factors of c(10)?
3, 577
Let z be (-8)/(0 + -4 + 2). Let i(c) = 5 + c + 0*c + c. What are the prime factors of i(z)?
13
Let h = 125 - -99. List the prime factors of h.
2, 7
Let q be (-18)/(-36) - (-578)/4. Suppose 6*c = 41 + q. What are the prime factors of c?
31
Suppose 0 = -5*p + 5, -4*w - 5*p + 2793 = -4*p. What are the prime factors of w?
2, 349
Suppose 0 = 5*g - 5*m - 1395, -1122 = -4*g - 0*g + 2*m. What are the prime factors of g?
2, 3, 47
Let z(k) be the third derivative of 0 + 1/6*k**5 + 0*k - 1/3*k**3 - 1/24*k**4 + 8*k**2. List the prime factors of z(-2).
2, 5
Let c(m) = 2*m + 4. Suppose 0*j + j = -6. Let u be c(j). List the prime factors of (450/(-40))/(3/u).
2, 3, 5
Let o(y) be the second derivative of -1/6*y**3 + 0*y**2 + 0 + 3/4*y**4 + 3*y. What are the prime factors of o(-1)?
2, 5
Suppose -m + 160 = 3*m. Suppose p - 50 = -4*b, b + m = 5*b - 4*p. Let u = 7 + b. What are the prime factors of u?
19
Suppose -1554 - 10587 = -19*z. What are the prime factors of z?
3, 71
Suppose -4*x = 11 - 7. List the prime factors of (((-55)/(-2))/x)/(3/(-6)).
5, 11
What are the prime factors of (399/(-6) + -3)/(2/(-4))?
139
Let j = 3039 + -1946. List the prime factors of j.
1093
Let l(p) = 8*p**3 + p**2 - 4*p - 5. List the prime factors of l(4).
3, 13
What are the prime factors of 3407 + (-11 - -15) + -1 + -1?
7, 487
Suppose 4*p - z - 157 - 186 = 0, -3*z = -3. What are the prime factors of p?
2, 43
Let r = 2050 + -217. List the prime factors of r.
3, 13, 47
Let i = 33 + -31. Let h(r) = -8*r**2 - r**3 - 4*r - 3*r**2 - i + 1 + 5*r**2. What are the prime factors of h(-6)?
23
Let y(b) = 2*b**2 + 11*b - 16. Let f be y(-13). Let o = -64 + f. List the prime factors of o.
5, 23
Let h = 1681 - 755. List the prime factors of h.
2, 463
Let s = -172 - -289. What are the prime factors of s?
3, 13
Let k(c) = c**3 - 4*c**2 - 10*c + 19. What are the prime factors of k(14)?
3, 613
Let v(n) = 13*n**3 - 6*n**2 + 14*n - 3. What are the prime factors of v(3)?
2, 3, 7
Suppose -157 = -4*a - 57. Suppose 0*n - a = -5*n, -2*y = -3*n + 9. Suppose 2*t - 18 = -5*k, -y*t - 4*k + 27 = -0*k. What are the prime factors of t?
3
Let p(g) = 1474*g**2 + 18*g - 19. List the prime factors of p(1).
3, 491
Suppose 0 = w + 4*n - 308 - 120, 2*w - n = 883. List the prime factors of w.
2, 5, 11
Let j = -329 + 867. Suppose -6*w + 1214 = -j. What are the prime factors of w?
2, 73
Let v(k) be the third derivative of -7*k**4/12 - 7*k**3/2 - k**2. Let b = 225 - 231. What are the prime factors of v(b)?
3, 7
Suppose 2*x - 23 - 11 = 0. Suppose 0 = 4*u - 0*u - 36. Let a = u + x. List the prime factors of a.
2, 13
Suppose 2*q = -2*t + 74, 5*q - 189 = 2*t + 17. Let g be (-2)/8 - (-10)/q. Let s(k) = k + 37. What are the prime factors of s(g)?
37
Let r = 36 - -88. Suppose d - r = 5*h, -2*d + 4*h - 2*h + 232 = 0. List the prime factors of d.
2, 3, 19
Let b(h) = 12*h + 1. Let p be b(-2). Let i = -20 - p. Suppose 4*a + 62 = 5*k - i*k, 4*k - 2*a = 130. What are the prime factors of k?
3, 11
Let l(d) = 16 + 6*d**2 - 16 - d + 8. List the prime factors of l(4).
2, 5
Suppose -3*g - 9148 = -5*t, 6*t - 4*t = -2*g + 3672. What are the prime factors of t?
2, 229
Let l(k) = k**2 - 24*k - 13. Let y(v) = v**2 - 25*v - 12. Let h(q) = 2*l(q) - 3*y(q). List the prime factors of h(9).
2, 43
Let n be ((-4)/(-9))/(2/9). Suppose n*c + 282 = 4*q + 4*c, -2*q + 145 = 5*c. List the prime factors of q.
2, 5, 7
Suppose -2*g = -6*g + 12. Suppose g*s - 21 = d - 4*d, -2*d + 34 = -2*s. Let l = d - -18. List the prime factors of l.
2, 3, 5
Let r be -6 - -12 - (0 - -2). Suppose j + r*q = -2*j - 36, -4*q - 60 = 5*j. Let w = 28 + j. List the prime factors of w.
2
Let h(i) = -28*i**3 + 4*i**2 + 4*i. Let p(f) = 113*f**3 - 15*f**2 - 15*f. Let w(j) = -22*h(j) - 6*p(j). List the prime factors of w(-1).
2, 31
Let r = 12 - 17. Let v(x) = x**3 + 5*x**2 - 2*x - 3. Let d be v(r). Suppose -d*m = -3*m - 68. List the prime factors of m.
17
Let n = 1769 + -1232. What are the prime factors of n?
3, 179
Suppose 20 = 4*d - 4. Let b be -3 + -1 + d - -31. Suppose -12 - b = -q. What are the prime factors of q?
3, 5
Suppose 0 = -11*w + 17*w - 11088. What are the prime factors of w?
2, 3, 7, 11
Suppose -5*k = -9 + 24. Let t be k + (-48)/(-4) + 3. List the prime factors of 1/3*(-3 + t).
3
Suppose 280 = -6*m + 2*m. Let f = m - -130. List the prime factors of f.
2, 3, 5
Let r = -1 - -4. Suppose 2*u + 22 = -0*q + 5*q, r*u + 12 = 4*q. Let a(m) = m**3 - 6*m**2 + 7*m - 11. List the prime factors of a(q).
31
Let a = -279 - -767. List the prime factors of a.
2, 61
Suppose 0*x = 5*x - 235. Suppose -4*q = -25 - x. What are the prime factors of q?
2, 3
Suppose 5*a = d + 7 + 4, a = 0. List the prime factors of (d + 8)*76/(-6).
2, 19
Let t(p) = 54*p**2 + 2*p - 2. Suppose -5 = 13*v - 18*v. List the prime factors of t(v).
2, 3
Suppose -2*z + 79 = -3*q, -q + 99 = -4*q - 3*z. Let n = q - -39. List the prime factors of n.
2, 5
Let b = 468 + -67. List the prime factors of b.
401
Let b(a) = a**3 - 8*a**2 + 4*a + 9. Let r be b(7). Let n = r + 8. List the prime factors of (n/(-10))/(1/70).
2, 7
Let v(b) = -b**3 + 6*b**2 - 5*b - 6. Let c be v(5). List the prime factors of -3*(-23 + (-4 - c)).
3, 7
Let s(c) = 6*c**3 - c**2 - c + 1. Let n be s(1). Let k(m) = -m**2 + 44*m - 228. Let o be k(38). Suppose o*h = -n*h + 165. What are the prime factors of h?
3, 11
Let t(s) = 2*s**2 - 7*s + 3. Let k = 2 - -2. Let w be t(k). Suppose -95 - 45 = -w*u. What are the prime factors of u?
2, 5
Suppose 0 = -5*q + 3*x - 589, 0*q + x = q + 117. Let f = q - -291. What are the prime factors of f?
2, 43
Let z = 1896 - 1749. List the prime factors of z.
3, 7
What are the prime factors of 26/(13/65 + (-7)/85)?
13, 1